) is divided by 13?
11
Suppose 4*j - 4*u - 28 = 0, -26 = -4*j - 3*u - 33. What is the remainder when 1/(j/6)*(-3150)/(-27) is divided by 39?
38
Suppose -145 + 81 = -h. Suppose 5*n = -2*t + 134, 4*n - h = -t + 3*n. Calculate the remainder when t is divided by 22.
18
Let h be ((-80)/25)/((-4)/190). Let p = 232 - h. What is the remainder when p is divided by 27?
26
Let q(g) = -18*g + 9. Let a be q(0). Suppose a*t - 49 - 266 = 0. What is the remainder when 173 is divided by t?
33
Let x(m) = -183 - 4*m + 278 + 71. What is the remainder when x(10) is divided by 41?
3
Calculate the remainder when (-5 - (-14 + 7))/((-7830)/(-1956) + -4) is divided by 38.
6
Calculate the remainder when 1044 is divided by 6/27 - (-1176)/54.
10
Let n = 3584 - 3552. Calculate the remainder when 126 is divided by n.
30
Suppose 140*g = -87843 + 260323. What is the remainder when g is divided by 51?
8
Suppose -2*w = -3*o - 41, -4*w + 2*o + o = -67. Suppose -207*j = -193*j - 462. What is the remainder when j is divided by w?
7
Suppose 15454*n - 7010 = 15449*n. What is the remainder when n is divided by 235?
227
Let o = 4374 - 4359. What is the remainder when 205 is divided by o?
10
What is the remainder when 287 + (-85)/(-25)*-5 is divided by 95?
80
Suppose 5*i = -20 + 370. Suppose 27*r - 741 = -12*r. What is the remainder when i/(-2)*(-20)/14 is divided by r?
12
Suppose 3*g + 5*x - 26 = 0, -5*g + 32 = -3*g - 4*x. Let f(t) = -15*t + 12*t + 1 + 2*t**2 + 5*t. What is the remainder when f(4) is divided by g?
5
Let x be (-56)/(-98) - 3/(-7). Let r(m) = -40*m + 1. Let t be r(x). Let z = -14 - t. Calculate the remainder when z is divided by 7.
4
Let j(o) = -11*o + 33. Let f be j(0). Let h(i) = 4*i + 29. Calculate the remainder when h(f) is divided by 30.
11
Let d(t) = 518*t + 12576. What is the remainder when 13679 is divided by d(-24)?
143
Suppose 4*h + 22 = 6, -5*h + 28 = 3*a. Let t = 4342 + -4288. Calculate the remainder when t is divided by a.
6
Suppose -7*a - 6 = -10*a. Suppose 86 = a*t + 8. What is the remainder when t is divided by 21?
18
Suppose -27*a = -17*a + 140. Let s(r) = -7*r - 78. Let w(t) = -t**2 + t + 26. Calculate the remainder when w(0) is divided by s(a).
6
Let x(f) = 15*f. What is the remainder when x(3) is divided by (-305)/(-427) - 594/(-21)?
16
Let p(a) = 25*a + 26. Let d be ((102/(-68))/(3/4))/(-2). What is the remainder when 146 is divided by p(d)?
44
Let x = -23 - 349. Let d = x + 374. What is the remainder when 29 is divided by d?
1
Let y = -2159 + 1463. What is the remainder when 1/3 - 7/(126/y) is divided by 20?
19
Let t be (8/(-14)*-7)/((-1)/(-21)). Let p(c) = -t*c**2 + 8*c - c**3 + 4 + 73*c**2 + 0. What is the remainder when p(-12) is divided by 8?
4
Let a(d) = 4*d**2 + 2*d - 1. Suppose 8*o - 5*o = -17*o + 260. What is the remainder when o is divided by a(1)?
3
Let s(v) = v**2 - v - 99. Let u be s(0). Let b = u - -109. Let q(f) = f**2 - 2*f - 5. What is the remainder when q(6) is divided by b?
9
Let y be (28/(-8))/(7/(-70)). Suppose -3*d = -6*d + 552. What is the remainder when d is divided by 10 + (y - 6 - 2)?
36
Let y be 338/6 + (60/(-45))/(-2). Calculate the remainder when (20/6)/(2*1/y) is divided by 33.
29
Let v(j) = -j**2 - 3*j + 20. Let h be v(3). Calculate the remainder when (182/(-10))/(-3*h/30) is divided by 4.
3
Suppose -3*k - 2*u = 2*u - 107, -20 = -4*u. Let x be (12/(-9))/(-4) - 141/(-9). Suppose -x*f + 112 = -14*f. What is the remainder when f is divided by k?
27
Let c be (-1 + -1 + 1)*(-20 - 33). Suppose -c*w + 64*w = 187. What is the remainder when 20/(22/10 - 2) is divided by w?
15
Let q = -11340 + 12489. Calculate the remainder when q is divided by 32.
29
Suppose -4323 = 108*q - 28731. Let w be 2 + ((-3)/3 - -4). Suppose 5*a + 5 = -0, w*a + 97 = 2*s. What is the remainder when q is divided by s?
42
Let n = -32 - -73. Let p = n + 2. What is the remainder when p is divided by 1/((-91)/23 - -4)?
20
Let o be (3/((-18)/(-308)))/(22/33). Suppose -3*v - o + 83 = 0. Calculate the remainder when 25 is divided by v.
1
Let x(d) = 11*d - 3. Let v(k) = -k**2 + 10*k - 5. Let i be v(7). Suppose 0 = -14*o + i*o - 42. What is the remainder when x(4) is divided by o?
20
Calculate the remainder when 1643 is divided by (-4)/(-1) + 0*(18/(-3) - -5).
3
Let h(l) = -23*l + 142. Let x be h(6). Suppose 3*n = 4*a - 683, -x*a - 3*n + n = -698. Calculate the remainder when a is divided by 33.
8
Let i be ((-14)/12 - -1)*(-1 - 5). Suppose 10*o - 11*o = i. Calculate the remainder when 46 is divided by 11 - o/((-3)/(-12)*4).
10
What is the remainder when (1 - -5) + 6594/3 is divided by 92?
88
Suppose 5*v = p + 85 + 21, 2*v + 4*p - 60 = 0. Calculate the remainder when 2968 is divided by v.
20
Let h be 0/1 + 608/(-4). Let i = h - -346. What is the remainder when i is divided by 22?
18
Let x be (-2)/((-2)/(-75)) + 1. Suppose -4*d = 5*f - 320, 41*f + 162 = 2*d + 43*f. Let y = x + d. Calculate the remainder when 76 is divided by y.
10
Let g = -8089 + 8201. What is the remainder when 140 is divided by g?
28
Let w(d) = d**2 + d. Let c(h) = -5*h**2 - 5*h + 2. Let m(p) = -c(p) - 4*w(p). Let s be m(2). What is the remainder when -4 + 1 + s + 113 is divided by 29?
27
Let z = 29241 - 29142. What is the remainder when z is divided by 35?
29
Let y(i) = i**3 - 2*i**2 - i + 7. Let q be y(3). Let u(b) = q*b + 31 - b**2 + 0 + 9*b. What is the remainder when 37 is divided by u(23)?
5
Let r(m) = 68*m**2 + 40*m - 37. What is the remainder when 425 is divided by r(1)?
70
Let h be (-4)/(-12) - (272/12)/(-4). Suppose 22*j - 21*j - h = 0. Suppose -4 = 2*x - 4*w + j, 2*w = -4*x + 20. Calculate the remainder when 6 is divided by x.
0
Suppose 4*m - 5*t = 4074, 2*m - 2040 = -132*t + 134*t. What is the remainder when m is divided by 203?
11
Let g(v) = -13*v**2 + 10*v**2 - 19*v + 2*v**2 - 14 - 24. Calculate the remainder when 151 is divided by g(-14).
23
Let q(v) = -124*v + 1391. What is the remainder when 420 is divided by q(11)?
15
Suppose 0 = 4*j - 3*n - 27, j + 29 = 5*j - 5*n. Calculate the remainder when (j - 40)*(-1)/1 is divided by (-49 + 51)*(-1)/(-4)*14.
6
Let w(b) = -840*b - 10904. Calculate the remainder when 3855 is divided by w(-13).
15
Let v(d) = -92*d + 382. Calculate the remainder when v(3) is divided by 29.
19
Suppose -63*x = -62*x + w - 27, 3*w = 3*x + 21. What is the remainder when 2/(-6) + 130/3 is divided by x?
3
Let q = -12042 + 8199. What is the remainder when (-4)/(-10) + q/(-105) is divided by 23?
14
Let u(a) = -57*a + 4718. Calculate the remainder when 59 is divided by u(82).
15
Suppose 101*q - 1219 = -411. What is the remainder when 2870 is divided by q?
6
Let q = 6493 - 6046. What is the remainder when q is divided by 105?
27
Suppose 3*a - 2*y + 5 = 0, 2*y = 2*a + y + 3. Let b be (-10 - a)/3 + 2. What is the remainder when b/(-3) - (-992)/48 is divided by 8?
5
Let r(m) = 2*m**2 - 62*m. Let z be r(31). Suppose -6*p + 111 + 69 = z. Calculate the remainder when 178 is divided by p.
28
Let q be ((-10)/(-20))/((-91)/(-30) + -3). What is the remainder when q/(-4)*(-40)/(-36)*-12 is divided by 23?
4
Let t = -9 + 12. Suppose 0 = -15*c + 180 + 210. What is the remainder when (-588)/(-8) + t/2 is divided by c?
23
Let p(g) = -g**3 + 10*g**2 - 44*g + 149. Let r = 6 - 18. Let s = -4 - r. What is the remainder when p(6) is divided by s?
5
Suppose -80*w + 40*w = -35*w - 1245. What is the remainder when w is divided by 117?
15
Suppose 3*b + 20 = 7*b. Let p be b/15 + 2/(-6). Suppose p = -0*h - 3*h + 3. Calculate the remainder when 2 is divided by h.
0
Let h(k) = 21*k**2 + 202*k + 134. What is the remainder when h(-18) is divided by 17?
4
Let r(u) = 10*u - 6. Let z be (-3)/((-18)/4) + 1776/36. Let l = 69 - z. What is the remainder when r(7) is divided by l?
7
Let c(p) = p**3 - 41*p**2 - 87*p + 46. Let v(b) = b**2 + 2. What is the remainder when v(-3) is divided by c(43)?
2
What is the remainder when ((-3)/(-9)*19)/((-6)/(-126)) is divided by 5*6/15 + 4?
1
Let u = 142 - 126. Suppose 111*a - 105 = 90*a. Calculate the remainder when u is divided by a.
1
Suppose -6*x + 8 = -5*x. Suppose 4*p = 4*g + 92, 5*p - 7*g = -x*g + 133. What is the remainder when 75 is divided by p?
23
Let z = -33 + 52. Let o(f) = f**2 + 502*f + 21392. What is the remainder when z is divided by o(-47)?
5
What is